 List the prime factors of b.
2, 5
Let z be 3 - 2/((-2)/7). Let h(l) = -l**2 + 13*l - 1. Let u be h(z). Let o = -10 + u. List the prime factors of o.
19
Let r(b) = -3*b - 1. Let y be r(-1). Suppose 0*m = 4*m - 12. Suppose -y*i - m*i + 10 = 0. What are the prime factors of i?
2
Let g(v) = 2*v**2 + 4*v - 4. Let x be 2/5 + (-88)/20. List the prime factors of g(x).
2, 3
Let l(t) = t**2 - 6*t + 7. Let w be l(5). Suppose -u - w*u + 18 = 0. What are the prime factors of u?
2, 3
Let r = -2 - 3. Let z be (-6 - r)/((-1)/16). Suppose -s + 2*c + 9 = 0, -3*s - c + 18 = -z. List the prime factors of s.
11
Suppose 9 + 3 = 4*s. Let m be 2/(-6) - (-1)/s. Suppose 10 = i - p, -3*i - 2*p - p + 48 = m. List the prime factors of i.
13
Let b(m) = m**3 - m**2 + 53. What are the prime factors of b(0)?
53
Let u = 0 + 5. Suppose -56 = -5*w - 3*o - 166, -u*w - 110 = 4*o. Let x = -12 - w. List the prime factors of x.
2, 5
Suppose 12 = 8*p - 5*p. Suppose -x + p*a - 152 = -6*x, 0 = 3*x - 2*a - 100. What are the prime factors of x?
2
Let j = -38 - -60. What are the prime factors of j?
2, 11
Let x be (-7)/(14/(-8)) + -1. Let c = x + 0. List the prime factors of c.
3
What are the prime factors of 39 - -4 - 2/(-2)?
2, 11
Let u = -58 - -81. List the prime factors of u.
23
Let q(g) = g**3 + g**2 - 30. Let k be q(0). Let j = k + 42. List the prime factors of j.
2, 3
Let w(y) = y**3 + 4*y**2 - 3*y - 6. Suppose x = 1 + 9. Let u be 22/(-5) - x/(-25). List the prime factors of w(u).
2, 3
Suppose 4*d - 18 = 2*d. Let l be 2/(6/d) + 14. Suppose 2*x - x - l = 0. What are the prime factors of x?
17
Let t(l) = 2*l**3 - 3*l**3 + l**2 + 2*l**3 + 5. List the prime factors of t(0).
5
Suppose 0 = 5*g - 495 - 115. What are the prime factors of g?
2, 61
Suppose 2*n - 5*q = -n + 31, 3*q = 4*n - 34. Let j(a) = -2*a**3 - 8*a + 0*a**2 + 2 - n*a**2 + 3*a**3. List the prime factors of j(8).
2
Let i(v) = v**3 + 6*v**2 - 10*v - 1. Let l be i(-7). Suppose -w = -3*w + l. List the prime factors of w.
2, 5
Suppose 4*t - 2*s = 34, 0*s = -5*t - 3*s + 59. Suppose -2*a + 6 + 4 = 0. Let n = t - a. List the prime factors of n.
5
Suppose -10 = -5*m + 5. Suppose 70 = 4*n - 0*l + m*l, -l = 3*n - 50. List the prime factors of n.
2
Let y = 12 + -10. Suppose y*r - 44 = -0*r. List the prime factors of r.
2, 11
What are the prime factors of 0 + 7 + 2/(-3)*-3?
3
Let r = -140 + 236. List the prime factors of r.
2, 3
Suppose -3*j = -r + 3*r - 7, 3*j - 9 = -3*r. Suppose -4*t + r*w + 16 = w, -w = -3*t + 13. What are the prime factors of t?
3
Let h = 1 + 12. Let g = 8 - h. What are the prime factors of 4/((-20)/9)*g?
3
Suppose 0*o = 4*o - 548. Let y = o + -11. List the prime factors of y/10 + (-3)/5.
2, 3
Suppose -3 - 1 = h. Let m = h + 7. List the prime factors of m.
3
Suppose -4*d = 3*t - 2*d - 26, 7 = t - d. Let j be (-4)/8*6*2. Let i = j + t. List the prime factors of i.
2
List the prime factors of ((-30)/(-5) + -2)/2.
2
What are the prime factors of 8/10 - 242/(-10)?
5
Let r be (60/(-5))/(-1 + -1). Let k(f) = f**2 - 3*f - 1. List the prime factors of k(r).
17
Suppose 2*m = 87 + 21. Let f = 90 - m. List the prime factors of f.
2, 3
Suppose -4 = z, 3*h + 2*z - 24 - 22 = 0. List the prime factors of h.
2, 3
List the prime factors of ((-294)/(-8))/(((-22)/(-8))/11).
3, 7
Suppose 5*q = 4*q. Suppose -2*l = 3*l - 3*w + 89, q = 5*w - 15. List the prime factors of (92/6)/(l/(-24)).
23
Let z(f) = f**3 - 6*f**2 - 2*f - 3. Let n be z(-4). Suppose -t + 13 + 2 = 0. What are the prime factors of (-2)/6 - n/t?
2, 5
Let g(j) = -j. Let b(q) = -5*q - 2. Let v(w) = -b(w) + 4*g(w). Let z be v(2). What are the prime factors of -1 + (0 - -1*z)?
3
Suppose -s + 3*s = 2. What are the prime factors of (-6 - -7) + 12 + s?
2, 7
Let m be 45/(-20) + 1/4. Let p = -8 - -18. Let g = p - m. List the prime factors of g.
2, 3
Suppose 2*q = -0*q + 236. What are the prime factors of q?
2, 59
Suppose 2*s - 4 = -5*x - 16, -2*x - 4*s + 8 = 0. Let w be (-5)/20 - 65/x. Suppose w = 4*u - 36. What are the prime factors of u?
13
Let y(p) = 75*p + 22. What are the prime factors of y(3)?
13, 19
Let d = -54 - -76. List the prime factors of d.
2, 11
Let s = -13 - -16. Suppose s*o - 3*u - 87 = 0, -4*o + o + 5*u = -85. What are the prime factors of o?
2, 3, 5
Suppose w = -0*w + 6. Let m(l) = 2*l - 6. Let p be m(w). Let k = p - 4. List the prime factors of k.
2
Let g(w) = -w**2 - 10*w - 9. Let u be g(-7). List the prime factors of u/54 + (-500)/(-18).
2, 7
Let r(a) = 2*a**2 - 5*a - 2. Suppose -5*m - 27 = 8. Let u = 11 + m. What are the prime factors of r(u)?
2, 5
Let i be 12/8 + (-3)/(-2). Suppose 0 = 2*l + i*m - 1, -4*l - 3*m - 1 = -3*l. Suppose l*g + 2*g - 56 = 0. List the prime factors of g.
2, 7
Let c = -2 + 0. Let v(n) = 2*n**3 + 3*n**2 + 3*n + 3. Let s be v(c). Let u(d) = -d**3 - 7*d**2 - 2*d + 1. What are the prime factors of u(s)?
3, 5
Let c(t) = 50*t + 1. List the prime factors of c(2).
101
Let v be (-130)/(-15)*9/6. Let g(s) = s**3 - 12*s**2 - 11*s + 9. List the prime factors of g(v).
5, 7
Let v be (6/7)/(6/42). Suppose -9 = -v*x + 3*x. List the prime factors of x.
3
Suppose 5*w = -13 - 12. Let t(p) = p + 8. Let b be t(w). Suppose -5*n = -7 - b. What are the prime factors of n?
2
Let k = 67 - 48. List the prime factors of k.
19
Let l be 4/(-14) - (-296)/7. Suppose -4*v + 3*c = -45, 0 = 4*v - c - c - l. List the prime factors of (-1 + -1)*v/(-3).
2, 3
Let h(r) = r**2 + r. Let w be h(-2). Suppose -3*n + 3 = w*j + 2, 0 = 4*n + 2*j. What are the prime factors of (-1 - -1) + 3 - n?
2
Let h(g) = -g**3 + 7*g**2 + 9. Let s be 0 + 1*-2 + 3. Suppose o = -4*a - s, -8*a + 25 = 5*o - 3*a. What are the prime factors of h(o)?
3
Let u(t) = t**2 + 5*t + 9. Let m be u(-4). Suppose -5*r + 4*i + 235 = 0, 5*i + 75 = m*r - 155. List the prime factors of r.
3, 17
Let c(d) = 2*d**3 - d**2 - d. Let q be 16/3 + (-8)/(-12). Suppose -2*p + 4*v = 0, 2*v + 6 = p + q*v. List the prime factors of c(p).
2, 5
Suppose 2*v + 2*s - 84 = -0*s, 4*s = 8. Suppose 78 = 2*a - v. Suppose 5*h = -19 + a. List the prime factors of h.
2
Let s be 1/4 + 6/8. Let i be (-60)/(-5)*(1 + s). What are the prime factors of 5/10*1*i?
2, 3
Let m = -2 + 5. Suppose -39 = -m*b + 5*q + 14, -3*b = -4*q - 49. List the prime factors of b.
11
Let d = 37 - 2. What are the prime factors of d?
5, 7
Suppose -2*x - 4*m + 2 = m, -3*x = 3*m - 21. List the prime factors of x.
11
Let u be (-30)/40 + 1062/8. Suppose -u = -2*a - 2*a. List the prime factors of a.
3, 11
List the prime factors of -1*(-164 - 3) + -2.
3, 5, 11
Let f be -1 - -4 - (-5 - -4). Suppose 47 = 2*j - f*s + s, -j - 9 = 5*s. What are the prime factors of j?
2
Let a(x) = x**2 + 6*x - 2. Let f be a(-7). Let q(l) = -7*l - 7. Let i be q(-5). Suppose 22 + i = f*n. List the prime factors of n.
2, 5
Suppose 1 = 3*n - 8. Let b = n + 12. Let a = 31 - b. List the prime factors of a.
2
Suppose -g = 3*h - 7, 13 = -4*g - g - 3*h. Let q = g + 15. What are the prime factors of q?
2, 5
Suppose 2*h + 26 = 3*h. List the prime factors of h.
2, 13
Let s(u) = -u + 5. Let a(y) = -y + 6. Let i(r) = 2*a(r) - 3*s(r). Let l be i(-3). Let x(q) = -q**3 - 7*q**2 - 8*q - 1. What are the prime factors of x(l)?
11
Let l(o) = 2 + 24*o + 5 - 11*o**2 + 2 - o**3 - 13*o. List the prime factors of l(-12).
3, 7
Let x = -9 + -1. List the prime factors of (-16)/(-6)*(-15)/x.
2
Let i be 2 - (-2)/(3 + -1). Let x(o) = o**2 - 4*o - 1. Let p be x(5). Suppose p*s - i = 5. List the prime factors of s.
2
Let r(s) = s**3 + 5*s**2 - 10*s - 9. Let c be r(-6). Let o(q) = -1 + c*q**2 + 8*q**2 + 2 - q - 5*q**2. List the prime factors of o(1).
2, 3
Let y be (-60)/(-8)*(-4)/(-3). Let x = y - 7. Suppose -s + f = 3*f - 16, x*f = s + 4. What are the prime factors of s?
2
What are the prime factors of 13/(-4)*(-32 + (3 - 3))?
2, 13
Let b(r) = -r - 1. Let u be b(-6). Suppose u*o - 54 - 181 = 0. Suppose 0 = -5*x - 4*i + o, 31 = x + 3*x + i. What are the prime factors of x?
7
Suppose -3*h + 4*m = -22, -3*h - 11 + 1 = 4*m. Suppose -2*y = -y - h. What are the prime factors of 28/5 - y/(-5)?
2, 3
Let z be 0 - (0 + 9/(-3)). Suppose -3*c - z = 0, b - 5*c - 10 = -3*c. List the prime factors of b.
2
Let k be ((-20)/(-12))/5*0. Suppose 0 = -3*f - k*f + 171. What are the prime factors of f?
3, 19
Suppose -d - 3 = 2*d. List the prime factors o